{"id":10543,"date":"2023-02-01T01:24:48","date_gmt":"2023-02-01T00:24:48","guid":{"rendered":"https:\/\/narybke.pl\/?page_id=10543"},"modified":"2023-05-08T18:01:27","modified_gmt":"2023-05-08T16:01:27","slug":"na-rybke-2015","status":"publish","type":"page","link":"https:\/\/narybke.pl\/index.php\/na-rybke\/galeria\/na-rybke-2015\/","title":{"rendered":"Na rybk\u0119?? 2015"},"content":{"rendered":"\n<figure class=\"wp-block-gallery aligncenter has-nested-images columns-4 is-cropped wp-block-gallery-1 is-layout-flex wp-block-gallery-is-layout-flex\">\n<figure class=\"wp-block-image size-large\"><a href=\"https:\/\/narybke.pl\/index.php\/barka-15-04-2015\/\"><img decoding=\"async\" loading=\"lazy\" width=\"1024\" height=\"576\" data-id=\"10535\" src=\"https:\/\/narybke.pl\/wp-content\/uploads\/2023\/02\/DSC_0386-1024x576.jpg\" alt=\"\" class=\"wp-image-10535\" srcset=\"https:\/\/narybke.pl\/wp-content\/uploads\/2023\/02\/DSC_0386-1024x576.jpg 1024w, https:\/\/narybke.pl\/wp-content\/uploads\/2023\/02\/DSC_0386-600x338.jpg 600w, https:\/\/narybke.pl\/wp-content\/uploads\/2023\/02\/DSC_0386-768x432.jpg 768w, https:\/\/narybke.pl\/wp-content\/uploads\/2023\/02\/DSC_0386-1536x864.jpg 1536w, https:\/\/narybke.pl\/wp-content\/uploads\/2023\/02\/DSC_0386-2048x1152.jpg 2048w\" sizes=\"(max-width: 1024px) 100vw, 1024px\" \/><\/a><figcaption class=\"wp-element-caption\"><strong>Barka 15-04-2015<\/strong><\/figcaption><\/figure>\n\n\n\n<figure class=\"wp-block-image size-large\"><a href=\"https:\/\/narybke.pl\/index.php\/na-rybke\/galeria\/na-rybke-2015\/zalewajka-22-04-2023\/\"><img decoding=\"async\" loading=\"lazy\" width=\"1024\" height=\"576\" data-id=\"10619\" src=\"https:\/\/narybke.pl\/wp-content\/uploads\/2023\/02\/20150422_184208-1024x576.jpg\" alt=\"\" class=\"wp-image-10619\" srcset=\"https:\/\/narybke.pl\/wp-content\/uploads\/2023\/02\/20150422_184208-1024x576.jpg 1024w, https:\/\/narybke.pl\/wp-content\/uploads\/2023\/02\/20150422_184208-600x338.jpg 600w, https:\/\/narybke.pl\/wp-content\/uploads\/2023\/02\/20150422_184208-768x432.jpg 768w, https:\/\/narybke.pl\/wp-content\/uploads\/2023\/02\/20150422_184208.jpg 1200w\" sizes=\"(max-width: 1024px) 100vw, 1024px\" \/><\/a><figcaption class=\"wp-element-caption\"><strong>Zalewajka 22-04-2015<\/strong><\/figcaption><\/figure>\n\n\n\n<figure class=\"wp-block-image size-large\"><a href=\"https:\/\/narybke.pl\/index.php\/wsciekle-losie-08-05-2015\/\"><img decoding=\"async\" loading=\"lazy\" width=\"1024\" height=\"614\" data-id=\"10652\" src=\"https:\/\/narybke.pl\/wp-content\/uploads\/2023\/02\/20150509_155050-1024x614.jpg\" alt=\"\" class=\"wp-image-10652\" srcset=\"https:\/\/narybke.pl\/wp-content\/uploads\/2023\/02\/20150509_155050-1024x614.jpg 1024w, https:\/\/narybke.pl\/wp-content\/uploads\/2023\/02\/20150509_155050-600x360.jpg 600w, https:\/\/narybke.pl\/wp-content\/uploads\/2023\/02\/20150509_155050-768x461.jpg 768w, https:\/\/narybke.pl\/wp-content\/uploads\/2023\/02\/20150509_155050-1536x922.jpg 1536w, https:\/\/narybke.pl\/wp-content\/uploads\/2023\/02\/20150509_155050-2048x1229.jpg 2048w\" sizes=\"(max-width: 1024px) 100vw, 1024px\" \/><\/a><figcaption class=\"wp-element-caption\"><strong>W\u015bciek\u0142e \u0141osie 08-05-2015<\/strong><\/figcaption><\/figure>\n\n\n\n<figure class=\"wp-block-image size-large\"><a href=\"https:\/\/narybke.pl\/index.php\/na-rybke\/galeria\/na-rybke-2015\/augustowskie-motonoce-15-06-2015\/\"><img decoding=\"async\" loading=\"lazy\" width=\"1024\" height=\"577\" data-id=\"10810\" src=\"https:\/\/narybke.pl\/wp-content\/uploads\/2023\/02\/DSC_0360-edited-2-rotated-e1675270360941-1024x577.jpg\" alt=\"\" class=\"wp-image-10810\" srcset=\"https:\/\/narybke.pl\/wp-content\/uploads\/2023\/02\/DSC_0360-edited-2-rotated-e1675270360941-1024x577.jpg 1024w, https:\/\/narybke.pl\/wp-content\/uploads\/2023\/02\/DSC_0360-edited-2-rotated-e1675270360941-600x338.jpg 600w, https:\/\/narybke.pl\/wp-content\/uploads\/2023\/02\/DSC_0360-edited-2-rotated-e1675270360941-768x433.jpg 768w, https:\/\/narybke.pl\/wp-content\/uploads\/2023\/02\/DSC_0360-edited-2-rotated-e1675270360941.jpg 1424w\" sizes=\"(max-width: 1024px) 100vw, 1024px\" \/><\/a><figcaption class=\"wp-element-caption\"><strong>Augustowskie Motonoce 15-06-2015<\/strong><\/figcaption><\/figure>\n\n\n\n<figure class=\"wp-block-image size-large\"><a href=\"https:\/\/narybke.pl\/index.php\/na-rybke\/galeria\/na-rybke-2015\/karczma-pod-strzecha-17-06-2015\/\"><img decoding=\"async\" loading=\"lazy\" width=\"1024\" height=\"680\" data-id=\"10864\" src=\"https:\/\/narybke.pl\/wp-content\/uploads\/2023\/02\/DSC8856-1024x680.jpg\" alt=\"\" class=\"wp-image-10864\" srcset=\"https:\/\/narybke.pl\/wp-content\/uploads\/2023\/02\/DSC8856-1024x680.jpg 1024w, https:\/\/narybke.pl\/wp-content\/uploads\/2023\/02\/DSC8856-600x399.jpg 600w, https:\/\/narybke.pl\/wp-content\/uploads\/2023\/02\/DSC8856-768x510.jpg 768w, https:\/\/narybke.pl\/wp-content\/uploads\/2023\/02\/DSC8856-1536x1020.jpg 1536w, https:\/\/narybke.pl\/wp-content\/uploads\/2023\/02\/DSC8856-2048x1360.jpg 2048w\" sizes=\"(max-width: 1024px) 100vw, 1024px\" \/><\/a><figcaption class=\"wp-element-caption\"><strong>Karczma Pod Strzech\u0105 17-06-2015<\/strong><\/figcaption><\/figure>\n\n\n\n<figure class=\"wp-block-image size-large\"><a href=\"https:\/\/narybke.pl\/index.php\/na-rybke\/galeria\/na-rybke-2015\/gryf-party-zamek-w-liwie-19-06-2015\/\"><img decoding=\"async\" loading=\"lazy\" width=\"1024\" height=\"680\" data-id=\"10909\" src=\"https:\/\/narybke.pl\/wp-content\/uploads\/2023\/02\/DSC_0893-1024x680.jpg\" alt=\"\" class=\"wp-image-10909\" srcset=\"https:\/\/narybke.pl\/wp-content\/uploads\/2023\/02\/DSC_0893-1024x680.jpg 1024w, https:\/\/narybke.pl\/wp-content\/uploads\/2023\/02\/DSC_0893-600x399.jpg 600w, https:\/\/narybke.pl\/wp-content\/uploads\/2023\/02\/DSC_0893-768x510.jpg 768w, https:\/\/narybke.pl\/wp-content\/uploads\/2023\/02\/DSC_0893-1536x1020.jpg 1536w, https:\/\/narybke.pl\/wp-content\/uploads\/2023\/02\/DSC_0893-2048x1360.jpg 2048w\" sizes=\"(max-width: 1024px) 100vw, 1024px\" \/><\/a><figcaption class=\"wp-element-caption\"><strong>Gryf Party, Zamek w Liwie 19-06-2015<\/strong><\/figcaption><\/figure>\n\n\n\n<figure class=\"wp-block-image size-large\"><a href=\"https:\/\/narybke.pl\/index.php\/na-rybke\/galeria\/na-rybke-2015\/barka-05-08-2015\/\"><img decoding=\"async\" loading=\"lazy\" width=\"1024\" height=\"576\" data-id=\"11084\" src=\"https:\/\/narybke.pl\/wp-content\/uploads\/2023\/02\/DSC04087-1024x576.jpg\" alt=\"\" class=\"wp-image-11084\" srcset=\"https:\/\/narybke.pl\/wp-content\/uploads\/2023\/02\/DSC04087-1024x576.jpg 1024w, https:\/\/narybke.pl\/wp-content\/uploads\/2023\/02\/DSC04087-600x338.jpg 600w, https:\/\/narybke.pl\/wp-content\/uploads\/2023\/02\/DSC04087-768x432.jpg 768w, https:\/\/narybke.pl\/wp-content\/uploads\/2023\/02\/DSC04087-1536x864.jpg 1536w, https:\/\/narybke.pl\/wp-content\/uploads\/2023\/02\/DSC04087-2048x1152.jpg 2048w\" sizes=\"(max-width: 1024px) 100vw, 1024px\" \/><\/a><figcaption class=\"wp-element-caption\"><strong>Barka 05-08-2015<\/strong><\/figcaption><\/figure>\n\n\n\n<figure class=\"wp-block-image size-large\"><a href=\"https:\/\/narybke.pl\/index.php\/na-rybke\/galeria\/na-rybke-2015\/bar-lesny-19-08-2015\/\"><img decoding=\"async\" loading=\"lazy\" width=\"1024\" height=\"680\" data-id=\"11132\" src=\"https:\/\/narybke.pl\/wp-content\/uploads\/2023\/02\/DSC_9313-1024x680.jpg\" alt=\"\" class=\"wp-image-11132\" srcset=\"https:\/\/narybke.pl\/wp-content\/uploads\/2023\/02\/DSC_9313-1024x680.jpg 1024w, https:\/\/narybke.pl\/wp-content\/uploads\/2023\/02\/DSC_9313-600x399.jpg 600w, https:\/\/narybke.pl\/wp-content\/uploads\/2023\/02\/DSC_9313-768x510.jpg 768w, https:\/\/narybke.pl\/wp-content\/uploads\/2023\/02\/DSC_9313-1536x1020.jpg 1536w, https:\/\/narybke.pl\/wp-content\/uploads\/2023\/02\/DSC_9313-2048x1360.jpg 2048w\" sizes=\"(max-width: 1024px) 100vw, 1024px\" \/><\/a><figcaption class=\"wp-element-caption\"><strong>Bar Le\u015bny 19-08-2015<\/strong><\/figcaption><\/figure>\n\n\n\n<figure class=\"wp-block-image size-large\"><a href=\"https:\/\/narybke.pl\/index.php\/na-rybke\/galeria\/na-rybke-2015\/na-zamkach-brodnica-radzyn-chelminski-golub-dobrzyn-13-09-2015\/\"><img decoding=\"async\" loading=\"lazy\" width=\"1024\" height=\"680\" data-id=\"11194\" src=\"https:\/\/narybke.pl\/wp-content\/uploads\/2023\/02\/DSC4513-1024x680.jpg\" alt=\"\" class=\"wp-image-11194\" srcset=\"https:\/\/narybke.pl\/wp-content\/uploads\/2023\/02\/DSC4513-1024x680.jpg 1024w, https:\/\/narybke.pl\/wp-content\/uploads\/2023\/02\/DSC4513-600x399.jpg 600w, https:\/\/narybke.pl\/wp-content\/uploads\/2023\/02\/DSC4513-768x510.jpg 768w, https:\/\/narybke.pl\/wp-content\/uploads\/2023\/02\/DSC4513-1536x1020.jpg 1536w, https:\/\/narybke.pl\/wp-content\/uploads\/2023\/02\/DSC4513-2048x1360.jpg 2048w\" sizes=\"(max-width: 1024px) 100vw, 1024px\" \/><\/a><figcaption class=\"wp-element-caption\"><strong>Na zamkach &#8211; Brodnica, Radzy\u0144 Che\u0142mi\u0144ski, Golub-Dobrzy\u0144 13-09-2015<\/strong><\/figcaption><\/figure>\n<\/figure>\n","protected":false},"excerpt":{"rendered":"","protected":false},"author":1,"featured_media":0,"parent":1021,"menu_order":0,"comment_status":"closed","ping_status":"closed","template":"","meta":{"footnotes":""},"_links":{"self":[{"href":"https:\/\/narybke.pl\/index.php\/wp-json\/wp\/v2\/pages\/10543"}],"collection":[{"href":"https:\/\/narybke.pl\/index.php\/wp-json\/wp\/v2\/pages"}],"about":[{"href":"https:\/\/narybke.pl\/index.php\/wp-json\/wp\/v2\/types\/page"}],"author":[{"embeddable":true,"href":"https:\/\/narybke.pl\/index.php\/wp-json\/wp\/v2\/users\/1"}],"replies":[{"embeddable":true,"href":"https:\/\/narybke.pl\/index.php\/wp-json\/wp\/v2\/comments?post=10543"}],"version-history":[{"count":1,"href":"https:\/\/narybke.pl\/index.php\/wp-json\/wp\/v2\/pages\/10543\/revisions"}],"predecessor-version":[{"id":11429,"href":"https:\/\/narybke.pl\/index.php\/wp-json\/wp\/v2\/pages\/10543\/revisions\/11429"}],"up":[{"embeddable":true,"href":"https:\/\/narybke.pl\/index.php\/wp-json\/wp\/v2\/pages\/1021"}],"wp:attachment":[{"href":"https:\/\/narybke.pl\/index.php\/wp-json\/wp\/v2\/media?parent=10543"}],"curies":[{"name":"wp","href":"https:\/\/api.w.org\/{rel}","templated":true}]}}