{"id":2,"date":"2021-04-01T11:47:40","date_gmt":"2021-04-01T09:47:40","guid":{"rendered":"http:\/\/narybke.eu\/?page_id=2"},"modified":"2025-10-03T14:53:26","modified_gmt":"2025-10-03T12:53:26","slug":"na-rybke","status":"publish","type":"page","link":"https:\/\/narybke.pl\/","title":{"rendered":"Na rybk\u0119??"},"content":{"rendered":"<div class=\"wp-block-image is-style-default\">\n<figure class=\"aligncenter size-full\"><a href=\"https:\/\/narybke.pl\/index.php\/na-rybke\/galeria\/\"><img decoding=\"async\" loading=\"lazy\" width=\"232\" height=\"232\" src=\"https:\/\/narybke.pl\/wp-content\/uploads\/2021\/04\/Wiesiek-2-e1649012286472.gif\" alt=\"\" class=\"wp-image-23\"\/><\/a><figcaption class=\"wp-element-caption\">     <\/figcaption><\/figure><\/div>\n\n\n<p class=\"has-text-align-center\"><strong>Nie jest to miejsce spe\u0142niaj\u0105ce rol\u0119 forum.<\/strong><\/p>\n\n\n\n<p class=\"has-text-align-center\"><strong>Z powod\u00f3w oczywistych, nie jest to te\u017c konkurencja dla <a href=\"https:\/\/www.facebook.com\/groups\/167575290028620\">fb<\/a> ale&#8230;<\/strong><\/p>\n\n\n\n<p class=\"has-text-align-center\"><strong>Projekt ten ma co\u015b czego fb nie ma &#8211; archiwaln\u0105 <a href=\"https:\/\/narybke.pl\/index.php\/na-rybke\/galeria\/\">galeri\u0119<\/a> naszych wypad\u00f3w rybkowych, a przy Waszej pomocy, mo\u017ce te\u017c mie\u0107 i bie\u017c\u0105c\u0105.<\/strong><\/p>\n\n\n\n<p><\/p>\n","protected":false},"excerpt":{"rendered":"<p>Nie jest to miejsce spe\u0142niaj\u0105ce rol\u0119 forum. Z powod\u00f3w oczywistych, nie jest to te\u017c konkurencja dla fb ale&#8230; Projekt ten ma co\u015b czego fb nie ma &#8211; archiwaln\u0105 galeri\u0119 naszych wypad\u00f3w rybkowych, a przy Waszej pomocy, mo\u017ce te\u017c mie\u0107 i bie\u017c\u0105c\u0105.<\/p>\n","protected":false},"author":1,"featured_media":0,"parent":0,"menu_order":0,"comment_status":"closed","ping_status":"closed","template":"","meta":{"footnotes":""},"_links":{"self":[{"href":"https:\/\/narybke.pl\/index.php\/wp-json\/wp\/v2\/pages\/2"}],"collection":[{"href":"https:\/\/narybke.pl\/index.php\/wp-json\/wp\/v2\/pages"}],"about":[{"href":"https:\/\/narybke.pl\/index.php\/wp-json\/wp\/v2\/types\/page"}],"author":[{"embeddable":true,"href":"https:\/\/narybke.pl\/index.php\/wp-json\/wp\/v2\/users\/1"}],"replies":[{"embeddable":true,"href":"https:\/\/narybke.pl\/index.php\/wp-json\/wp\/v2\/comments?post=2"}],"version-history":[{"count":2,"href":"https:\/\/narybke.pl\/index.php\/wp-json\/wp\/v2\/pages\/2\/revisions"}],"predecessor-version":[{"id":11433,"href":"https:\/\/narybke.pl\/index.php\/wp-json\/wp\/v2\/pages\/2\/revisions\/11433"}],"wp:attachment":[{"href":"https:\/\/narybke.pl\/index.php\/wp-json\/wp\/v2\/media?parent=2"}],"curies":[{"name":"wp","href":"https:\/\/api.w.org\/{rel}","templated":true}]}}